e 11664?
True
Does 10 divide 1360?
True
Does 47 divide 1699?
False
Is 1359 a multiple of 34?
False
Does 30 divide 8227?
False
Is 11895 even?
False
Does 21 divide 588?
True
Does 64 divide 1984?
True
Is 99 a factor of 1081?
False
Does 38 divide 6802?
True
Is 53 a factor of 13640?
False
Does 60 divide 1376?
False
Is 6062 a multiple of 15?
False
Is 18135 a multiple of 65?
True
Is 3445 a multiple of 151?
False
Does 18 divide 594?
True
Is 4 a factor of 1824?
True
Does 367 divide 96209?
False
Does 193 divide 63219?
False
Is 3 a factor of 2302?
False
Does 11 divide 2070?
False
Is 3 a factor of 255?
True
Does 69 divide 69966?
True
Is 1280 a multiple of 16?
True
Is 15 a factor of 1060?
False
Does 56 divide 1736?
True
Does 17 divide 25395?
False
Is 4641 a multiple of 51?
True
Is 783 a multiple of 27?
True
Is 96 a factor of 27844?
False
Does 12 divide 2223?
False
Is 5035 a multiple of 53?
True
Is 19 a factor of 594?
False
Is 1533 a multiple of 22?
False
Is 256 a factor of 42956?
False
Does 314 divide 53984?
False
Is 198 a multiple of 22?
True
Does 47 divide 219?
False
Is 32 a factor of 3936?
True
Is 7940 a multiple of 20?
True
Is 11 a factor of 532?
False
Is 16280 a multiple of 40?
True
Is 82 a factor of 31242?
True
Is 3 a factor of 3960?
True
Is 29 a factor of 40274?
False
Is 3185 a multiple of 25?
False
Is 5497 a multiple of 17?
False
Is 8 a factor of 106?
False
Does 42 divide 13230?
True
Does 162 divide 77436?
True
Is 9287 a multiple of 37?
True
Is 21 a factor of 208?
False
Does 31 divide 11917?
False
Is 16755 a multiple of 199?
False
Does 25 divide 6175?
True
Is 868 a multiple of 28?
True
Is 108923 a multiple of 99?
False
Is 50 a factor of 500?
True
Is 110 a factor of 227?
False
Does 13 divide 294?
False
Is 16 a factor of 65680?
True
Is 4 a factor of 244?
True
Is 487 a multiple of 20?
False
Is 1711 a multiple of 29?
True
Is 5533 a multiple of 11?
True
Is 215 a multiple of 8?
False
Is 196 a multiple of 13?
False
Is 10664 a multiple of 194?
False
Does 115 divide 9765?
False
Is 3310 a multiple of 11?
False
Is 23 a factor of 1886?
True
Is 2175 a multiple of 5?
True
Is 9296 a multiple of 28?
True
Does 347 divide 44966?
False
Does 3 divide 242?
False
Does 70 divide 840?
True
Is 10 a factor of 3297?
False
Is 4284 a multiple of 102?
True
Is 701 a multiple of 9?
False
Does 44 divide 724?
False
Is 520 a multiple of 13?
True
Is 6 a factor of 270?
True
Is 70 a factor of 1135?
False
Is 16 a factor of 87088?
True
Is 7 a factor of 455?
True
Is 869 a multiple of 5?
False
Is 9982 a multiple of 127?
False
Is 1152 a multiple of 24?
True
Is 14 a factor of 7798?
True
Is 174 a multiple of 24?
False
Is 28 a factor of 18086?
False
Does 33 divide 336?
False
Is 1667 a multiple of 6?
False
Is 203 a factor of 81820?
False
Is 150 a multiple of 6?
True
Does 2 divide 1398?
True
Does 2 divide 2991?
False
Is 546 a multiple of 14?
True
Is 415 a multiple of 18?
False
Is 990 a multiple of 18?
True
Is 920 a multiple of 5?
True
Is 27 a factor of 30679?
False
Does 10 divide 8087?
False
Does 78 divide 780?
True
Does 20 divide 13960?
True
Does 30 divide 619?
False
Is 9 a factor of 253?
False
Is 5577 a multiple of 143?
True
Is 5022 a multiple of 62?
True
Is 4059 a multiple of 9?
True
Is 12 a factor of 14940?
True
Does 13 divide 1113?
False
Is 7429 a multiple of 17?
True
Is 27 a factor of 2646?
True
Is 40 a factor of 2997?
False
Does 10 divide 1583?
False
Does 38 divide 7483?
False
Is 20546 a multiple of 87?
False
Does 4 divide 910?
False
Is 242 a multiple of 11?
True
Is 728 a multiple of 4?
True
Is 69 a factor of 105915?
True
Does 10 divide 350?
True
Is 33 a factor of 7244?
False
Does 5 divide 125?
True
Does 5 divide 510?
True
Does 18 divide 5454?
True
Is 1045 a multiple of 10?
False
Is 1856 a multiple of 58?
True
Is 5829 a multiple of 201?
True
Does 10 divide 11570?
True
Does 27 divide 3441?
False
Does 18 divide 9126?
True
Is 1194 a multiple of 25?
False
Is 19 a factor of 25695?
False
Is 16 a factor of 6787?
False
Is 4122 a multiple of 30?
False
Is 136 a multiple of 4?
True
Is 1766 a multiple of 46?
False
Is 51 a factor of 105361?
False
Is 33232 a multiple of 31?
True
Is 16 a factor of 4416?
True
Is 420 a multiple of 4?
True
Is 11 a factor of 21582?
True
Is 124 a multiple of 4?
True
Is 17 a multiple of 4?
False
Is 2 a factor of 7399?
False
Does 14 divide 338?
False
Is 1914 a multiple of 10?
False
Is 17284 a multiple of 58?
True
Is 64 a factor of 9029?
False
Is 140 a factor of 148?
False
Is 14 a factor of 854?
True
Is 6 a factor of 11388?
True
Does 20 divide 360?
True
Is 10 a factor of 1804?
False
Is 28 a factor of 6556?
False
Is 153 a factor of 14229?
True
Is 2 a factor of 147?
False
Is 4536 a multiple of 36?
True
Is 20 a multiple of 5?
True
Is 17 a multiple of 17?
True
Does 54 divide 594?
True
Does 17 divide 2242?
False
Is 16461 a multiple of 36?
False
Is 17 a factor of 493?
True
Is 33856 a multiple of 14?
False
Is 25 a factor of 584?
False
Is 5025 a multiple of 15?
True
Does 20 divide 13203?
False
Is 21 a factor of 2289?
True
Is 9114 a multiple of 69?
False
Is 8000 a multiple of 50?
True
Is 12 a factor of 26760?
True
Is 606 a multiple of 13?
False
Is 9531 a multiple of 2?
False
Does 9 divide 18?
True
Is 16 a factor of 4238?
False
Is 40 a factor of 182?
False
Does 14 divide 684?
False
Is 29701 a multiple of 107?
False
Is 72 a factor of 154080?
True
Is 29 a factor of 2204?
True
Does 31 divide 154?
False
Does 19 divide 3781?
True
Is 6 a factor of 930?
True
Does 89 divide 66305?
True
Is 12 a factor of 18468?
True
Is 10 a factor of 117?
False
Is 206 a factor of 10715?
False
Does 180 divide 37909?
False
Is 18 a factor of 636?
False
Is 800 a multiple of 40?
True
Is 13398 a multiple of 154?
True
Is 75 a factor of 4523?
False
Is 5676 a multiple of 23?
False
Does 15 divide 14985?
True
Is 621 a multiple of 69?
True
Is 935 a multiple of 85?
True
Is 3776 a multiple of 10?
False
Is 3875 a multiple of 19?
False
Does 5 divide 26?
False
Is 6912 a multiple of 81?
False
Is 11799 a multiple of 23?
True
Is 72 a factor of 2224?
False
Is 28 a factor of 5703?
False
Is 3009 a multiple of 51?
True
Is 1978 a multiple of 49?
False
Is 1381 a multiple of 16?
False
Does 14 divide 266?
True
Is 388 a multiple of 11?
False
Is 10585 a multiple of 26?
False
Does 17 divide 3588?
False
Does 17 divide 7431?
False
Is 61 a factor of 12302?
False
Is 35414 a multiple of 40?
False
Is 16063 a multiple of 42?
False
Is 211 a multiple of 6?
False
Is 583 a multiple of 9?
False
Is 25740 a multiple of 15?
True
Is 738 a multiple of 13?
False
Does 28 divide 28?
True
Is 34677 a multiple of 36?
False
Is 16 a factor of 41249?
False
Does 31 divide 20030?
False
Does 16 divide 3012?
False
Is 3 a factor of 360?
True
Is 10633 a multiple of 6?
False
Is 37876 a multiple of 34?
True
Is 9610 a multiple of 5?
True
Is 11 a factor of 394?
False
Is 24 a factor of 672?
True
Is 115 a factor of 5520?
True
Does 38 divide 1736?
False
Is 14 a factor of 98?
True
Does 3 divide 10?
False
Does 11 divide 2315?
False
Is 3 a factor of 2893?
False
Is 17 a factor of 1071?
True
Does 37 divide 5637?
False
Is 22 a factor of 7204?
False
Is 22 a multiple of 3?
False
Is 702 a multiple of 13?
True
Is 5122 a multiple of 11?
False
Does 13 divide 1313?
True
Is 74 a factor of 1480?
True
Is 2466 a multiple of 57?
False
Is 545 a multiple of 12?
False
Is 91 a factor of 29969?
False
Is 7055 a multiple of 85?
True
Is 3095 a multiple of 54?
False
Is 3 a factor of 205?
False
Is 4 a factor of 1012?
True
Does 11 divide 1046?
False
Is 24 a factor of 1848?
True
Is 27 a factor of 1161?
True
Is 814 a multiple of 4?
False
Is 11 a factor of 14968?
False
Is 4 a factor of 12372?
True
Is 8 a factor of 354?
False
Is 2043 a multiple of 34?
False
Does 13 divide 41184?
True
Is 10 a factor of 40?
True
Is 43 a factor of 2451?
True
Is 5 a factor of 485?
True
Is 31154 a multiple of 29?
False
Does 18 divide 10638?
True
Is 6 a factor of 588?
True
Does 30 divide 108360?
True
Is 15 a factor of 840?
True
Is 22 a factor of 14014?
True
Is 10 a factor of 24885?
False
Is 294 a multiple of 3?
True
Is 7290 a multiple of 54?
True
Is 946 a multiple of 8?
False
Is 12 a factor of 16116?
True
Is 12 a factor of 432?
True
Is 57 even?
False
Does 20 divide 818?
False
Is 1498 even?
True
Is 3033 a multiple of 22?
False
Is 28